444
11001 (base 7) to base 5
41440
Convert -8c (base 13) to base 12.
-98
What is -2bb22 (base 13) in base 8?
-242350
-1111222 (base 3) to base 11
-916
What is 10100111010100 (base 2) in base 13?
4b49
Convert -16549 (base 11) to base 2.
-101101011110101
What is -11323003 (base 4) in base 8?
-57303
Convert -428b (base 13) to base 10.
-9241
Convert 53d (base 15) to base 3.
1121211
Convert -1bd (base 15) to base 6.
-1511
Convert -4234 (base 6) to base 5.
-12313
-1022101 (base 3) to base 4
-32323
What is -123351 (base 8) in base 13?
-165ab
-22220 (base 4) to base 10
-680
What is 154a (base 11) in base 7?
5542
-1735 (base 11) to base 14
-b44
What is -17d (base 14) in base 15?
-157
Convert -e (base 15) to base 8.
-16
-4175 (base 9) to base 14
-118d
What is -11533 (base 8) in base 5?
-124310
What is 10134 (base 5) in base 2?
1010011101
What is 1001100101001 (base 2) in base 4?
1030221
What is -1266 (base 15) in base 14?
-1601
What is -2101 (base 3) in base 2?
-1000000
-a20 (base 14) to base 12
-1198
516 (base 9) to base 10
420
24105 (base 6) to base 5
102442
Convert -11001100011 (base 2) to base 7.
-4524
-1543 (base 7) to base 14
-323
Convert 3343 (base 6) to base 12.
553
-11101011000 (base 2) to base 9
-2518
Convert 442 (base 7) to base 16.
e2
Convert 11355 (base 7) to base 4.
231303
Convert -1111111001 (base 2) to base 8.
-1771
What is 41323 (base 5) in base 2?
101010011001
-2201211 (base 3) to base 11
-1552
-3206 (base 13) to base 11
-5235
What is -1ab6 (base 14) in base 5?
-123424
b30 (base 15) to base 3
10110100
What is 101001111100000 (base 2) in base 7?
116413
What is -13066 (base 11) in base 15?
-5821
Convert 10022100 (base 3) to base 9.
3270
2213020 (base 4) to base 6
121304
Convert -31114 (base 10) to base 4.
-13212022
Convert -198 (base 14) to base 7.
-651
What is -253012 (base 7) in base 6?
-1000001
What is -2120 (base 3) in base 2?
-1000101
b90 (base 12) to base 13
a02
1486 (base 11) to base 7
5365
Convert -101100 (base 3) to base 8.
-427
-1032212 (base 4) to base 7
-20444
What is 1144 (base 6) in base 4?
10120
Convert -31645 (base 7) to base 15.
-24ed
3034 (base 9) to base 4
202222
Convert -347 (base 9) to base 2.
-100011110
What is 34544 (base 6) in base 15?
170a
140 (base 5) to base 3
1200
Convert -666 (base 15) to base 12.
-a06
-4265 (base 7) to base 8
-2755
What is -4a34 (base 13) in base 15?
-31b6
Convert 317 (base 8) to base 15.
dc
What is 1590 (base 12) in base 15?
b56
37d (base 16) to base 10
893
Convert 1678 (base 16) to base 9.
7801
What is 1344a (base 12) in base 5?
1322204
Convert cc5 (base 15) to base 12.
1805
Convert -b635 (base 12) to base 13.
-90aa
What is 14605 (base 9) in base 14?
38c0
What is -1a17 (base 11) in base 3?
-10111210
What is -2211 (base 4) in base 12?
-119
2c0 (base 16) to base 7
2024
Convert 15866 (base 13) to base 8.
120026
What is -3031420 (base 5) in base 10?
-48985
-21110212 (base 3) to base 12
-31a2
6716 (base 9) to base 7
20310
334 (base 9) to base 2
100010010
Convert -31705 (base 8) to base 9.
-20155
What is -27277 (base 8) in base 11?
-8a9a
-46a9 (base 14) to base 8
-30015
What is 24738 (base 13) in base 7?
366513
What is 3251 (base 6) in base 3?
1000211
Convert 1a2 (base 13) to base 12.
211
-331 (base 9) to base 15
-131
What is -1d9d (base 16) in base 14?
-2a97
Convert 358 (base 11) to base 13.
26a
-1211102212 (base 3) to base 15
-aa2b
Convert 11010010 (base 2) to base 16.
d2
What is -19949 (base 13) in base 7?
-265346
Convert -a9a (base 12) to base 14.
-7d4
1a44 (base 12) to base 13
1609
Convert -94b (base 15) to base 7.
-6053
1042110 (base 5) to base 2
100011111100101
What is 1101011 (base 2) in base 3?
10222
What is 1113545 (base 6) in base 10?
56585
-10446 (base 9) to base 2
-1101100001111
7957 (base 13) to base 5
1020342
What is -4255 (base 7) in base 2?
-10111100110
Convert -11202001 (base 3) to base 14.
-138d
149 (base 12) to base 11
173
What is 23148 (base 10) in base 5?
1220043
What is -929 (base 11) in base 9?
-1474
What is -23323 (base 4) in base 15?
-35d
96bd (base 16) to base 13
14745
What is 4c41 (base 14) in base 5?
412020
-68b (base 14) to base 10
-1299
What is 1133030 (base 4) in base 5?
143332
2321014 (base 5) to base 13
16176
Convert -1130404 (base 5) to base 14.
-77a9
36423 (base 8) to base 3
210110002
What is eba2 (base 16) in base 14?
17daa
-3559b (base 12) to base 11
-49950
Convert 16d (base 14) to base 8.
445
What is 131023 (base 4) in base 7?
5305
What is -5114 (base 8) in base 3?
-10121122
-d04 (base 16) to base 3
-11120102
13217 (base 9) to base 10
8926
Convert -12519 (base 11) to base 15.
-54a3
Convert -110101010 (base 2) to base 9.
-523
What is 13002 (base 4) in base 11?
37a
-115 (base 8) to base 16
-4d
What is 4824 (base 11) in base 10?
6318
Convert -2242 (base 5) to base 2.
-101000010
What is -a22 (base 11) in base 6?
-5414
-73299 (base 10) to base 14
-1c9d9
404 (base 8) to base 16
104
What is a85 (base 13) in base 11?
1396
What is 2266 (base 15) in base 12?
4280
-224 (base 14) to base 12
-2b4
What is 16461 (base 9) in base 14?
41a2
3663 (base 12) to base 8
13753
Convert a7 (base 12) to base 15.
87
103100 (base 5) to base 16
dc5
Convert 14260 (base 9) to base 7.
40155
Convert -10101000000111 (base 2) to base 12.
-6287
What is 11420 (base 5) in base 8?
1534
Convert -26c (base 16) to base 14.
-324
What is -34102 (base 9) in base 4?
-11202122
What is -44052 (base 8) in base 9?
-27306
Convert -4499 (base 15) to base 16.
-38d0
Convert 2213 (base 4) to base 3.
20012
Convert 1402 (base 7) to base 16.
21d
Convert -1176 (base 14) to base 12.
-1918
What is -230200 (base 6) in base 7?
-110613
What is -1071 (base 9) in base 16?
-319
685 (base 10) to base 7
1666
211 (base 4) to base 11
34
What is -202210101 (base 3) in base 9?
-22711
Convert 115 (base 13) to base 15.
c7
Convert -18166 (base 9) to base 5.
-400114
What is 3883 (base 12) in base 6?
45443
Convert -4456 (base 9) to base 10.
-3291
3253 (base 16) to base 4
3021103
What is 171 (base 8) in base 4?
1321
Convert -1110000000 (base 2) to base 5.
-12041
What is 20035 (base 10) in base 3?
1000111001
What is 1364 (base 13) in base 9?
3735
What is 164663 (base 7) in base 9?
50142
What is -3737 (base 12) in base 3?
-22112221
Convert 20472 (base 9) to base 16.
34c7
What is -31266 (base 9) in base 2?
-101000010011010
Convert 363 (base 12) to base 8.
773
Convert 10064 (base 13) to base 15.
8748
Convert -20421 (base 10) to base 2.
-100111111000101
What is 97e (base 16) in base 6?
15130
Convert 4a73 (base 12) to base 16.
20f7
100312130 (base 4) to base 14
1b220
Convert 62144 (base 7) to base 13.
6ba2
10231332 (base 4) to base 10
19326
Convert 135 (base 8) to base 13.
72
Convert -1111011101110011 (base 2) to base 14.
-1912b
What is -191 (base 13) in base 5?
-2122
1532 (base 6) to base 16
1a0
-6314 (base 13) to base 6
-143242
What is -470 (base 12) in base 8?
-1224
Convert 17159 (base 10) to base 11.
1198a
60 (base 13) to base 8
116
What is 113230 (base 4) in base 10?
1516
What is 1dfe (base 16) in base 3?
101112101
2182 (base 13) to base 5
122134
-416 (base 14) to base 10
-804
2362 (base 7) to base 16
36d
What is -245 (base 9) in base 3?
-21112
329 (base 12) to base 15
210
15420 (base 9) to base 2
10100100110100
What is 2609 (base 10) in base 7?
10415
What is 144013 (base 7) in base 8?
66221
Convert 1dfc (base 16) to base 5.
221201
-1222202 (base 3) to base 6
-10415
Convert -1201110 (base 3) to base 11.
-a40
Convert 3ac3 (base 13) to base 11.
6383
Convert -8b31 (base 12) to base 5.
-443240
Convert 1000001111 (base 2) to base 5.
4102
-274 (base 10) to base 14
-158
What is 3023 (base 5) in base 16?
184
What is -ad09 (base 14) in base 3?
-1112011000
Convert 174 (base 9) to base 2.
10010100
What is 203434 (base 6) in base 12?
957a
Convert 7c (base 15) to base 6.
313
-110111010 (base 2) to base 10
-442
13210 (base 4) to base 9
587
Convert -10200121 (base 3) to base 13.
-12bb
-7c (base 16) to base 12
-a4
What is -742 (base 8) in base 12?
-342
337 (base 14) to base 2
1001111101
What is -44313 (base 6) in base 2?
-1100000010101
Convert -2507 (base 9) to base 3.
-2120021
What is -314 (base 8) in base 3?
-21120
Convert 25528 (base 9) to base 8.
41456
Convert -11124 (base 6) to base 4.
-120130
Convert -314 (base 11) to base 9.
-460
What is -3